iple of 63?
True
Does 15 divide 128210745?
True
Is 81 a factor of 4015413?
True
Is 1236200485 a multiple of 155?
True
Is 20106562 a multiple of 7?
True
Does 127 divide 72459148?
False
Does 1961 divide 4067040938?
False
Does 13 divide 92932424?
True
Is 77985006 a multiple of 636?
False
Does 31 divide 336121406?
True
Is 24 a factor of 82423212?
False
Does 22 divide 1628038803?
False
Is 287033472 a multiple of 288?
True
Is 5497 a factor of 687740664?
True
Does 118 divide 1859036428?
True
Does 12 divide 91260436?
False
Does 18 divide 440063?
False
Does 112 divide 223714848?
True
Is 159 a factor of 6776422?
False
Is 182 a factor of 299462673?
False
Does 58 divide 99417510?
True
Does 321 divide 22156805?
False
Is 113031211 a multiple of 67?
True
Does 11 divide 303559168?
True
Does 85 divide 8714200?
True
Is 520056442 a multiple of 292?
False
Is 38 a factor of 14995028?
True
Is 156 a factor of 533719524?
True
Is 2090 a factor of 16915615?
False
Is 352757923 a multiple of 369?
False
Is 43631010 a multiple of 153?
True
Is 186312327 a multiple of 29?
True
Is 438912951 a multiple of 331?
True
Does 517 divide 691830383?
False
Is 617160895 a multiple of 154?
False
Does 151 divide 743376322?
True
Is 17 a factor of 2388729194?
True
Does 2019 divide 44648166?
True
Does 114 divide 1782048?
True
Is 272224571 a multiple of 111?
False
Is 6 a factor of 75198081?
False
Is 8 a factor of 30951960?
True
Does 270 divide 418621996?
False
Does 10 divide 134519860?
True
Does 18 divide 1605062952?
True
Does 4470 divide 5530045092?
False
Is 136 a factor of 11892057?
False
Is 17042501 a multiple of 70?
False
Is 689468500 a multiple of 14?
True
Is 2555 a factor of 138138713?
False
Is 1563686232 a multiple of 14?
False
Does 1591 divide 82087645?
True
Is 39819640 a multiple of 355?
True
Is 92127322 a multiple of 5?
False
Is 12707409 a multiple of 130?
False
Is 155 a factor of 70327375?
True
Is 404432082 a multiple of 159?
True
Is 2462426338 a multiple of 744?
False
Does 71 divide 328800503?
True
Is 144 a factor of 7633152?
True
Does 161 divide 74582917?
False
Does 306 divide 2603249892?
False
Is 15008448 a multiple of 56?
True
Is 35950761 a multiple of 1617?
True
Is 62411581 a multiple of 1219?
True
Does 195 divide 85956381?
False
Is 11 a factor of 104871129?
True
Is 28438328 a multiple of 1775?
False
Does 2 divide 7239846?
True
Is 148275620 a multiple of 76?
True
Does 51 divide 3573037?
False
Does 4 divide 1639453?
False
Is 23 a factor of 1019877043?
False
Is 843570987 a multiple of 1060?
False
Is 5457066 a multiple of 6?
True
Is 723 a factor of 514293759?
True
Is 97866077 a multiple of 1151?
True
Does 78 divide 83639906?
False
Is 18 a factor of 1674668495?
False
Is 549814292 a multiple of 16?
False
Is 435167460 a multiple of 4095?
True
Is 220853705 a multiple of 26?
False
Does 434 divide 371841687?
False
Does 1241 divide 720055502?
True
Is 812 a factor of 62304347?
False
Is 58 a factor of 156883878?
False
Is 957961308 a multiple of 537?
False
Is 101375035 a multiple of 1338?
False
Is 257 a factor of 4001824?
False
Does 35 divide 92874075?
True
Is 85761035 a multiple of 31?
True
Is 400473528 a multiple of 7?
True
Is 3233850707 a multiple of 1104?
False
Does 644 divide 2257518896?
False
Is 118239688 a multiple of 2319?
False
Is 73179360 a multiple of 90?
True
Does 14 divide 289798992?
True
Is 4878225 a multiple of 165?
True
Does 489 divide 69107371?
False
Is 8 a factor of 14078548?
False
Does 32 divide 12516992?
True
Is 32730128 a multiple of 8?
True
Does 53 divide 24624708?
False
Does 111 divide 1704870401?
False
Does 25 divide 320460273?
False
Is 20461860 a multiple of 190?
True
Is 7875 a factor of 1393594912?
False
Does 21 divide 3374616?
True
Does 1549 divide 699673058?
False
Does 5695 divide 97800235?
True
Does 11 divide 114421285?
True
Is 4 a factor of 14719146?
False
Is 86099477 a multiple of 21?
False
Does 47 divide 46846075?
True
Is 26498808 a multiple of 147?
True
Does 273 divide 1227216?
False
Is 1839363815 a multiple of 198?
False
Is 92356946 a multiple of 23?
False
Is 331276472 a multiple of 3338?
True
Is 1726 a factor of 234376992?
True
Does 31 divide 7638648?
True
Does 11 divide 4801126?
True
Is 1312841519 a multiple of 6?
False
Is 71 a factor of 165173974?
True
Is 285301978 a multiple of 230?
False
Does 2918 divide 1519574762?
True
Is 4 a factor of 3105256?
True
Is 16 a factor of 894802624?
True
Is 461 a factor of 26494592?
True
Is 20 a factor of 925772000?
True
Does 1148 divide 332377710?
False
Is 507 a factor of 21930157?
False
Is 22 a factor of 391199401?
False
Does 30 divide 3685611720?
True
Is 40343821 a multiple of 800?
False
Does 66 divide 95545785?
False
Does 4 divide 351053564?
True
Does 370 divide 71367820?
True
Does 565 divide 14344785?
True
Is 383 a factor of 299603282?
True
Is 392714179 a multiple of 4271?
True
Is 78 a factor of 65781581?
False
Is 40 a factor of 5270549?
False
Is 29937817 a multiple of 13?
True
Does 10 divide 731054690?
True
Does 2 divide 19857525?
False
Is 22 a factor of 85997758?
True
Is 44427062 even?
True
Is 377845112 a multiple of 3830?
False
Does 544 divide 161318513?
False
Is 4302607008 a multiple of 12?
True
Does 17 divide 183195445?
False
Is 48640956 a multiple of 156?
True
Is 35438579 a multiple of 54?
False
Is 25344444 a multiple of 16?
False
Is 465446265 a multiple of 3?
True
Is 86576688 a multiple of 132?
True
Does 349 divide 46902110?
True
Does 16 divide 183466528?
True
Is 37 a factor of 24274442?
True
Is 256 a factor of 37726208?
True
Is 631 a factor of 76858324?
True
Does 1010 divide 464284806?
False
Does 202 divide 721578761?
False
Is 72588759 a multiple of 969?
True
Is 1225301942 a multiple of 43?
True
Does 182 divide 86338980?
True
Does 29 divide 100311?
True
Is 7 a factor of 2254426587?
True
Is 221111580 a multiple of 1035?
False
Is 523287367 a multiple of 94?
False
Is 81682255 a multiple of 70?
False
Is 1072486478 a multiple of 3131?
True
Does 2273 divide 1322433191?
False
Is 26 a factor of 241589296?
True
Is 262918406 a multiple of 755?
False
Does 1775 divide 331372728?
False
Does 5 divide 189579904?
False
Is 72 a factor of 43705584?
True
Does 17 divide 17313419?
False
Is 26 a factor of 116074530?
True
Does 40 divide 1651470680?
True
Is 238770462 a multiple of 7?
True
Does 1241 divide 544699719?
False
Is 119914572 a multiple of 372?
True
Is 211731386 a multiple of 1307?
True
Is 48 a factor of 5139504?
True
Is 12798262 a multiple of 2?
True
Is 32354131 a multiple of 957?
False
Is 44652220 a multiple of 815?
True
Is 13851206 a multiple of 23?
False
Is 4612906 a multiple of 38?
False
Is 82 a factor of 197784?
True
Does 34 divide 1801694?
True
Does 12 divide 72504722?
False
Does 505 divide 6597481?
False
Is 306 a factor of 170602572?
False
Is 2439081 a multiple of 9?
True
Is 345217131 a multiple of 87?
True
Does 3108 divide 175148232?
True
Is 82789681 a multiple of 13?
True
Is 4 a factor of 38708912?
True
Does 348 divide 48123266?
False
Does 273 divide 299289056?
False
Is 19 a factor of 1660242002?
True
Does 58 divide 17197897?
False
Is 170150073 a multiple of 251?
False
Is 45429300 a multiple of 225?
True
Does 7 divide 53493717?
False
Does 20 divide 110465624?
False
Is 1379344896 a multiple of 2897?
False
Does 11 divide 315617958?
False
Is 10 a factor of 1164277459?
False
Does 178 divide 1130263154?
True
Does 7590 divide 596254362?
False
Is 159953090 a multiple of 22?
True
Does 38 divide 5453340874?
False
Is 1458 a factor of 1178142732?
True
Is 289 a factor of 35011332?
False
Is 206 a factor of 864699626?
True
Does 176 divide 31233330?
False
Is 330232557 a multiple of 12?
False
Is 49362067 a multiple of 5?
False
Does 1112 divide 608705464?
True
Is 2815084591 a multiple of 2529?
False
Does 17 divide 20737234?
False
Is 200 a factor of 12887400?
True
Is 115 a factor of 600087483?
False
Is 146115537 a multiple of 105?
False
Is 232 a factor of 104205120?
True
Does 18 divide 96773239?
False
Is 91 a factor of 615297096?
False
Is 1063 a factor of 875487863?
True
Is 508 a factor of 26378916?
True
Does 4 divide 315919348?
True
Does 5 divide 184675600?
True
Does 275 divide 41443600?
True
Is 1029305373 a multiple of 1865?
False
Is 7 a factor of 1534775814?
False
Is 3345324655 a multiple of 76?
False
Does 73 divide 296795